2 - 3*c - 17. Let g be m(-8). Let s be (40/36)/(-5) + 40/18. Is (46/(-6))/(s/(g - 1)) a composite number?
True
Suppose 0 = -2*a + 16, 0 = -2*z - 87*a + 86*a + 311042. Is z a composite number?
True
Let j(l) = -l**3 - 41*l**2 - 3*l - 110. Let g be j(-41). Is 9367 - (3 + (-4 + 10 - g)) composite?
False
Let y = 180 - -54. Suppose -5*v = -2*v - y. Suppose d + d - v = 0. Is d prime?
False
Let w = -50 + 61. Suppose -4*j + w*j = 10521. Let d = j + -286. Is d a composite number?
False
Let a = -157 - -213. Is 70/a - (-9837)/12 a composite number?
False
Let h(o) be the first derivative of 29*o**5/120 + o**4/3 - 17*o**3/3 + 33. Let d(p) be the third derivative of h(p). Is d(7) composite?
False
Let i(o) = -1967*o + 5323. Is i(-134) prime?
False
Suppose 47*w = -55*w - 38*w + 5649140. Is w a composite number?
False
Let a(o) = 380396*o**3 - 4*o**2 + 22*o - 19. Is a(1) composite?
True
Suppose 2*o + 2*b - 38 = 0, 0 = o + 11*b - 12*b - 9. Is 6/o - 2*664044/(-84) composite?
True
Suppose 8 = -5*q + 33. Let n(o) = 15*o**3 - 2*o**2 - o - 9. Let b(r) = 75*r**3 - 9*r**2 - 5*r - 44. Let y(c) = -2*b(c) + 11*n(c). Is y(q) composite?
False
Let b = -92879 + 139907. Let s = 127871 - b. Is s a composite number?
True
Let w = 554342 + -225361. Is w a prime number?
True
Let o = 27 - 22. Suppose o*m + 7640 = -4*k, m - 2*k - 2*k = -1552. Let u = m - -2605. Is u prime?
False
Is (946/(-1419))/((-4)/1691166) prime?
False
Let n be (-1213*(-3)/4)/((-3)/(-16)). Let h = 6837 - n. Is h a composite number?
True
Suppose 7*l - 117076 + 6728 - 87689 = 0. Is l a composite number?
True
Let l = 35071 + -24883. Let h(z) = -1197*z + 10. Let q be h(5). Let a = q + l. Is a a prime number?
False
Let r be (0 + (-153256)/(-10))/((-160)/(-4400)). Suppose -20*t - 2*t + r = 0. Is t a prime number?
True
Let w(x) be the first derivative of 11*x**3/3 - x + 98. Let t(m) = m**2 - 4*m + 1. Let p be t(3). Is w(p) composite?
False
Is 31526811/81 + 48/(-54) a composite number?
False
Is (-42148530)/(-93) + -5 + (-12)/(-3) composite?
False
Suppose 28*o + 203 = 21*o. Let t(j) = 2*j**2 + 43*j - 22. Is t(o) composite?
True
Let o(b) = 10*b**3 + 8*b**2 - 11*b + 7. Let l be o(4). Suppose -3*i + 2*t = -l, 143 = i + 3*t - 119. Is i prime?
False
Is (2/(20*9/135))/((-2)/(-2196004)) prime?
False
Let w be 6831 - 20/(-1 - -5). Suppose 18*f = 20*f - w. Is f a composite number?
False
Let r = -38 - -53. Is (4 - r/3)/(3/(-3777)) a composite number?
False
Let r be (3/(-9))/(4/72). Is ((-201)/r)/(3/426) a composite number?
True
Let j(o) be the second derivative of 25*o - 7/12*o**4 + 1/10*o**5 - 1/2*o**3 + 0 + 1/2*o**2. Is j(6) prime?
True
Let h(x) = 2352*x**2 - 233*x + 3774. Is h(25) composite?
True
Let z(f) = f + 9. Let p be z(-18). Let b(g) = -975*g - 24. Is b(p) a prime number?
False
Let w = -18227 + 64446. Is w composite?
False
Suppose 30*l - 762693 = -873948 + 2313765. Is l a composite number?
False
Let t = 316 - 105. Let x = t + -201. Is x composite?
True
Suppose -3 = b - 6. Suppose -5547 = -b*p - 3*s, -4*p + 7382 = -s - 2*s. Is p a composite number?
False
Let y(u) = 532*u + 11. Suppose -2*l = -0*h + 5*h - 14, 0 = -h. Let o(b) = 1065*b + 22. Let f(w) = l*y(w) - 4*o(w). Is f(-2) a composite number?
False
Suppose -23*i - 6979 = -30*i. Is (i/4)/(18/72) a prime number?
True
Is (36364 - -51)*(-1)/(-5) a prime number?
True
Is (-2271290)/(-28)*2 + 3 composite?
True
Suppose 2*j - 3392 = -r + 1994, 3*j - 26923 = -5*r. Let f = r + 2774. Is f a composite number?
True
Is -2 - 3 - (-1016940)/(13 - 12) a prime number?
False
Is (-18)/(-42) - (-5639852)/14 composite?
False
Let t be 23/46*(-356)/(-2). Let j = 9878 + t. Is j a composite number?
False
Let l(s) = -3*s**3 - 2*s**2 - 2*s - 1. Let y be l(-1). Suppose -2135 = -y*k + 2505. Suppose -3*d + 0*d = 4*j - 1745, -k = -4*d - 2*j. Is d a composite number?
True
Let x(g) = -29716*g + 927. Is x(-2) a prime number?
False
Let n(q) = 5*q**2 + 9*q - 105. Let l(p) = -5*p**2 - 10*p + 105. Let y(o) = -3*l(o) - 2*n(o). Is y(22) a composite number?
False
Suppose -1254092 = 212*i - 240*i. Is i prime?
True
Is ((-152175)/8)/(-1) - (-1)/40*5 composite?
True
Let a = 1778 + -1191. Is a composite?
False
Is ((-192903)/(-9))/((-4)/(-12))*1 prime?
True
Is 679/97 + (207 - -10)*12756/7 a composite number?
False
Let k = -2055 - -10366. Is k a prime number?
True
Suppose -5*f + 59916 = q - 58286, -5*q = 5*f - 118190. Is f a composite number?
True
Let f(k) = 269*k**2 + 131*k - 773. Is f(50) composite?
True
Let d(v) = -v**3 - 24*v**2 + 25*v. Let c be d(-25). Suppose -5*k + 13410 + 16540 = c. Suppose -5*g + 5*r - 2*r = -k, 5*g + r = 6010. Is g a composite number?
False
Let z be (3 + 9/(-3))/1. Suppose 2*b + z*b = 1312. Let f = -267 + b. Is f a prime number?
True
Let w(a) = -11*a**2 - 6*a + 12. Let d be 13/(65/30) - 1. Let k be w(d). Let t = 558 + k. Is t prime?
False
Suppose -631*f - n = -632*f + 144701, 5*f = -n + 723505. Is f a prime number?
True
Suppose 0 = -3*g + 4*d + 4817157, 5*g + 723*d = 724*d + 8028578. Is g composite?
True
Let i be (-168)/7*(-262 - 1). Suppose -7*j + i = j. Is -4 + (-4)/(-12)*j composite?
True
Is 3/21*6112428/12 a prime number?
True
Let l(k) = -195*k - 7. Let v(g) = -97*g - 3. Let p(c) = 2*l(c) - 5*v(c). Suppose 3*t + 3*s = 9, t - s = 5*t - 21. Is p(t) composite?
False
Let c = -255040 - -396239. Is c composite?
False
Let k be -21 + 24 + (-1 - 10). Let i be 2/5 + (-1)/((-20)/k). Suppose 11*j - 39032 - 59297 = i. Is j composite?
True
Let b(l) be the third derivative of l**5/10 - 4*l**4/3 + 31*l**3/6 - 18*l**2 - 2*l. Is b(18) a prime number?
True
Let r(v) = 6*v**2 - 10*v + 44. Let s(m) = -m**2 + 2*m - 9. Let t(p) = -2*r(p) - 11*s(p). Let u be t(-5). Is (1 - -1)/u + (-426)/(-4) a prime number?
False
Let q be 51/6 - 2/(-4). Let d be (-12)/q*15/(-10). Suppose 0 = -5*a - 4*v + 2709, d*v - 4*v = 4*a - 2166. Is a a prime number?
True
Let i be ((-9)/(-8))/((-2)/(-16)). Suppose -8*k - 8431 = -i*k. Is k prime?
True
Suppose -5803962 = -35*k + 274103. Is k prime?
True
Let t = 26082 - 17167. Suppose 5*y - 2*p - 67538 = 0, -3*y = -4*p + p - 40530. Let l = y - t. Is l composite?
False
Let b(p) be the second derivative of -235*p**3/6 - 2*p**2 + 5*p. Let n = 13 + -16. Is b(n) a composite number?
False
Let d(i) = 3*i**2 - 5. Let q be d(-4). Let m = 48 - q. Suppose l - 2466 = -m*l. Is l a composite number?
True
Let n be 55*(-2)/(-50) - (-4)/5. Let f(i) = -i**2 - 6*i - 1. Let u be f(-5). Suppose 2*p + 764 = u*s + n*p, 764 = 4*s - 3*p. Is s composite?
False
Is (-60)/(-30)*(-572749)/(-2) composite?
False
Suppose 0 = -3*n + 45*n - 8875398. Is n a prime number?
True
Is 6/(-10) - (9539538/(-30) + -2) composite?
True
Let s be ((-13898)/8)/((-3)/(-48)*4). Let r = 9986 + s. Is r prime?
True
Let a be (5/(-10))/(3/(-6)). Let i be (-5 - -18)/a + -4. Is 1 + 3/(i/5145) + 1 prime?
False
Let q(y) = -29092*y - 307. Is q(-2) a prime number?
False
Suppose 18*l - 4562916 = -532761 + 1623771. Is l a composite number?
False
Let l = 103947 + -12214. Is l composite?
False
Is ((-251338213)/(-380) - (-1)/4) + 6/15 a prime number?
True
Let b be 4/(-2) + -7 + 3 + 72. Suppose -68*n + 898 = -b*n. Is n composite?
False
Let r(k) = -457*k + 62. Let u be r(-30). Suppose 0 = 2*g - n - 7969, 2*g - 2*n - u = -5806. Is g prime?
False
Suppose -12 = -5*c + 3. Suppose 3*x + 6 = 0, 5*m - 13 - 5 = 4*x. Suppose -i = a - 1198, c*i - m*i = -2*a + 2391. Is a composite?
False
Suppose -x = -45 + 51. Let l(b) = -20*b**3 + 2*b**2 + 46*b + 242. Is l(x) composite?
True
Suppose -u + t = -4076, 4*u - 2*t - 16298 = -0*u. Let j = u + -1534. Is j composite?
False
Suppose 0 = 4*f - 5*b - 26, -2*f + 3*f - 4*b - 12 = 0. Suppose 5*r - 5*d - 35 = 0, -20 = -f*r - 2*d + 4*d. Suppose -560 = -r*q + 478. Is q prime?
False
Suppose 496078 = 7*d + 89420. Suppose d = 23*p + 8*p. Is p a composite number?
True
Is -1 + 10/14 + (-1331154)/(-462) prime?
False
Suppose 12 - 6 = -j. Let q(z) = 7*z**2 + 20*z + 7. Is q(j) prime?
True
Let j be 16/9 - 6/(-27). Let r = 7741 - 5239. Suppose 5*l = -3*f + r, -j*f - 4*l + 0*l + 1666 = 0. Is f prime?
True
Suppose -66*x + 462399 = -45*x. Is x prime?
False
Suppose 5*h + 13 = -3*l, 0 = -56*l + 60*l + 2*h + 36. Let p(r) = -23*r**3 + 10*r**2 - 7*r + 19. Is p(l) a prime number?
False
Let o = 109027 + -22314. Is o a prime number?
False
Suppose 0 = 9*y + 4 + 